4. Let t = g - 3. Calculate the greatest common divisor of t and 2.
2
Let w = 58 + -57. Calculate the greatest common divisor of w and 49.
1
Let f(u) = -5*u - 1 + 4*u - 3*u + 6 - u**2. Let v be f(-4). Let t be 3*(-1 + 0) - -48. What is the highest common factor of t and v?
5
Let f = -166 - -439. What is the greatest common factor of 39 and f?
39
Let d be 4/(0 + 1) + 8. Let l = -7 + d. Suppose -l*y + 158 = -82. What is the highest common factor of y and 32?
16
Suppose 2*q + 5*k - 25 = -0*q, -2*k = -2*q - 10. Suppose -92 = -4*a - c - q*c, 0 = -a - 2*c + 30. What is the highest common divisor of a and 176?
22
Suppose 78 = -2*m + 15*m. Let u = -289 + 147. Let h = 208 + u. Calculate the highest common divisor of m and h.
6
Suppose 21 + 11 = g. Calculate the highest common divisor of g and 40.
8
Let n(c) = 2*c**2 + 3*c - 34. Let v be (8/(-3))/(12/36). Let a be n(v). What is the highest common divisor of a and 28?
14
Let c be 3/2*(-780)/(-45). Suppose 4*u + 3 = -5*k + c, 5*u = -5*k + 30. What is the highest common factor of u and 49?
7
Let n be 837/62 + 1/2. Calculate the greatest common factor of n and 154.
14
Let v be (-252)/(-3)*(-190)/(-40). Calculate the greatest common factor of v and 266.
133
Let j = -1793 - -1857. What is the greatest common divisor of 864 and j?
32
Let a be (14/4 + -1)/((-6)/(-48)). Suppose -4*b + 900 = b. What is the greatest common factor of b and a?
20
Let y be (-8)/10*25/(-10). Let r = -371 + 391. Suppose -y*a - 2*a = -r. Calculate the highest common factor of a and 5.
5
Suppose q - 3*q = 0. Suppose q = -2*d + 11 + 37. What is the greatest common divisor of 60 and d?
12
Let q(p) = -2*p**3 + 14*p**2 - 2*p - 6. Let n be ((-18)/4)/((-39)/52). Let k be q(n). What is the highest common factor of 6 and k?
6
Let d = 289 + -266. What is the greatest common divisor of 230 and d?
23
Let y(h) = 7*h**3 - 2*h**2 + h + 6. Let s be y(2). What is the highest common factor of s and 168?
56
Suppose -391 = -2*v + u, -v - u - 2*u + 192 = 0. What is the highest common divisor of v and 65?
65
Suppose 26 = -x + 3*x - 2*w, -4*x - w = -32. Calculate the highest common factor of 9 and x.
9
Let r be -3 - -4 - (6 - 8). Suppose -4*f - 20 = -8, 0 = r*l - 5*f - 33. Let q be (-1135)/(-45) - l/27. What is the highest common divisor of 125 and q?
25
Suppose 0 = -14*r + 87 + 11. What is the highest common factor of 1 and r?
1
Let q = -7 - -12. Let z be (-1)/3 + (-30)/18. Let c be ((-5)/z)/((-4)/(-8)). Calculate the greatest common divisor of q and c.
5
Suppose r = 6*r - 85. Let m(t) = 2*t**2 - 3*t + 33. Let v be m(5). Calculate the highest common factor of v and r.
17
Let x = -38 - -28. Let o = x + 18. What is the highest common factor of 4 and o?
4
Suppose 0 = -2*f + 4*s - 6, -4*s + 0 + 12 = 4*f. Let x be f + -10 + 2 - 1. Let u be (2 - 3) + (-2 - x). What is the highest common divisor of u and 15?
5
Suppose 0 = -9*p - 8 - 1. Let q be 1/((-1 + 0)/p). What is the highest common divisor of q and 1?
1
Let u be (-3)/(-9) + 1 + 110/(-15). Let t be 555/4 + u/8. What is the greatest common divisor of t and 46?
46
Let r = 223 + -183. What is the greatest common factor of 140 and r?
20
Let p(o) = o**3 - 18*o**2 + 25*o - 91. Let w be p(17). What is the highest common factor of 10 and w?
5
Let b(r) = 4*r - 4. Let k = 8 - 5. Let l be b(k). Let w = 16822 - 16820. What is the greatest common factor of l and w?
2
Let t(k) = 3*k + 34. Let o be t(36). What is the highest common divisor of o and 2?
2
Let q be 11 - (-5 - (-17 + 6)). What is the highest common divisor of q and 35?
5
Suppose -13*l + 305 + 839 = 0. Let v = 40 - 29. Calculate the highest common factor of v and l.
11
Let s = -40 - -48. Suppose 5*m = 5*o - 0*o + 330, 4*m + 3*o - 250 = 0. What is the highest common factor of s and m?
8
Let n = 475 - 397. Calculate the greatest common factor of 117 and n.
39
Let p = -11 + 12. Let u = 577 - 574. What is the highest common factor of p and u?
1
Let g(h) = 3*h - 9*h - 4 + 2*h + 8*h + 5*h**2. Let j be g(1). Let y be 39/4 - (-4)/16. What is the greatest common divisor of j and y?
5
Suppose 3*q - 3 = 3. Suppose -12*c + u = -10*c - 110, q*c + 4*u - 110 = 0. Calculate the highest common divisor of c and 5.
5
Suppose -5*c + 1159 = 954. What is the highest common factor of 2009 and c?
41
Let l be (-47)/(-7) + (-4)/(-14). Let h(z) = 213375*z + 0*z**2 + z**2 - 213376*z. Let g be h(l). What is the highest common factor of g and 28?
14
Suppose -44 + 16 = 7*i. Let a(h) = -h**3 - h**2 - 10*h - 4. Let b be a(i). What is the highest common divisor of 210 and b?
42
Let u be 4/(-6)*-3 + 16. Let y be u - 4 - (2 + 1). Let j = 19 - y. What is the highest common divisor of 72 and j?
8
Let m = -46 + 74. Let f = m - 21. Suppose 242 = f*n + 32. Calculate the greatest common factor of 6 and n.
6
Suppose 32*v = -8*v + 1200. What is the highest common divisor of 170 and v?
10
Suppose -4*m - 14 = 2*t + 2, 4*m = 3*t - 16. Let g(z) = 3*z + 31. Let o be g(t). Suppose 0 = -5*k + 24 + o. What is the greatest common factor of k and 22?
11
Let l be 21 + 0 + 1 + 0. Calculate the highest common divisor of l and 22.
22
Let k = -73 + 80. Suppose 5*u = i - k, 0 = -2*i + 5*u + 1 + 18. What is the highest common divisor of 60 and i?
12
Let b(q) = 10*q**2. Let p be b(1). What is the greatest common divisor of 305 and p?
5
Let q(w) = -16*w - 3. Let j be q(-6). Let i = -54 - 17. Let h = i - -102. What is the highest common divisor of j and h?
31
Let t be 16 - ((-3 - -2) + -1). Let b be (-22)/4*(0 - t). Let a(l) = -10*l + 269. Let v be a(26). What is the greatest common factor of b and v?
9
Let t = 472 + -131. Calculate the greatest common factor of t and 11.
11
Let y be -1 - (-183*1)/(-3). Let d = -32 - y. Suppose 3*g = 34*g - 310. Calculate the highest common divisor of d and g.
10
Suppose 5*r + 311 = 2*j, r - 4*r = -j + 158. Calculate the greatest common divisor of 13 and j.
13
Let d(y) = -4*y + 13. Let b be d(-9). Suppose -26 = 5*k + b. Let z(p) = p**2 + 8*p + 27. Let c be z(k). Calculate the greatest common divisor of 12 and c.
12
Let l(z) = z + 19. Let h be l(-14). Suppose 3*c - h*q - 600 = -2*c, 0 = -4*q. Calculate the greatest common factor of 24 and c.
24
Let f be (-484)/(-10) - (-3)/5. Suppose 0 = -5*g - 30 + 20. Let y be g/(-2)*(5 + 2). Calculate the highest common factor of y and f.
7
Let w(i) = 2*i**3 + 8*i**2 + 2*i - 43. Let v be w(4). Calculate the highest common divisor of 85 and v.
17
Let g(a) = 2*a + 22. Let k be g(-11). Suppose 0 = -k*n - n - 5*b + 27, -48 = -4*n - 5*b. What is the greatest common factor of n and 7?
7
Let x = 161 - 143. Let j = 0 + 2. Calculate the highest common divisor of j and x.
2
Suppose -28 + 154 = 6*q. Let s = 78 + -43. What is the highest common factor of q and s?
7
Let k be ((-11)/(66/8))/((-6)/18). Let p = 11 - 1. Calculate the greatest common factor of p and k.
2
Suppose 38*f = 43*f - 270. Let w(n) = -3 - 3 + n**3 - 8*n + 5*n**2 + 0. Let k be w(-6). What is the highest common factor of k and f?
6
Let u(i) = 2*i**2 + 38*i - 21. Let d be u(-19). Let j be (-49)/(-3) - 14/d. Calculate the highest common divisor of j and 153.
17
Let s = -5 - -31. Let k(f) = -925*f + 3765. Let n be k(4). Calculate the highest common divisor of n and s.
13
Let r be 4*20/32*204/15. Calculate the greatest common factor of r and 51.
17
Suppose o - 10 = 8. Let r(z) = 5*z**2 - 6*z - 11. Let w be r(4). Calculate the highest common divisor of w and o.
9
Let h be (-564)/36*(13 - -2). Let u = h + 370. Calculate the highest common divisor of u and 27.
27
Suppose -11 = -3*s - 2*y, y + 15 = 5*s + 5*y. Let g(m) = -m**2 + 15*m - 47. Let x be g(s). Calculate the greatest common factor of x and 63.
9
Let z be ((-36)/15)/(18/(-60)). Let g = 1 + 19. Calculate the greatest common divisor of z and g.
4
Let s be -1 - -1 - 1/(5/(-55)). Let q(y) = -y**3 + 11*y**2 - y + 13. Let x be q(s). What is the greatest common divisor of x and 6?
2
Let d be 7 - 1*3/6*-2. What is the highest common factor of d and 384?
8
Let l = 1191 - 915. Calculate the highest common divisor of l and 24.
12
Suppose 4*d + 12 = 0, -l + 59 = -5*d + 12. Let j be 1/2 - 79/(-2). Suppose j = 3*b + 2*b. What is the highest common factor of b and l?
8
Let h = 9 + 450. Calculate the greatest common divisor of 27 and h.
27
Let x be -2 + 2*(5 - 3).